00022 - 1020?
10010222002
In base 2, what is 0 - -1000010110011?
1000010110011
In base 5, what is 30 + -1?
24
In base 7, what is -63662 + -40?
-64032
In base 5, what is -40102 + -241?
-40343
In base 7, what is 511 + -122640?
-122126
In base 10, what is 45 - -541?
586
In base 3, what is 11 - 112001201?
-112001120
In base 2, what is -10 + -101010000110?
-101010001000
In base 16, what is 87 + -188a?
-1803
In base 9, what is 5 + 10715?
10721
In base 16, what is -3 - -1008ba?
1008b7
In base 10, what is -12828 - -5?
-12823
In base 2, what is -10 - 10110011010?
-10110011100
In base 12, what is 1 + -351a?
-3519
In base 12, what is -831 + -182?
-9b3
In base 12, what is 11404 - 1?
11403
In base 12, what is -6a + -1455a?
-14608
In base 16, what is -8e - 134e?
-13dc
In base 10, what is -2254 - -31?
-2223
In base 12, what is 21a + -159?
81
In base 10, what is 149 - -192?
341
In base 16, what is 5 + 6fef?
6ff4
In base 13, what is -77 - a09a?
-a144
In base 8, what is 13 - -54336?
54351
In base 2, what is -1000100010001000 - -110?
-1000100010000010
In base 14, what is -3 - 8639?
-863c
In base 13, what is 578a - ab?
56ac
In base 9, what is -7 - 22888?
-23006
In base 5, what is 132404 - -201?
133110
In base 10, what is 5435 + -3?
5432
In base 15, what is 3 - 282a1?
-2829d
In base 10, what is 23084 + -20?
23064
In base 11, what is -3 - -421?
419
In base 2, what is 1 - -1001101101110?
1001101101111
In base 8, what is -11212500 - 1?
-11212501
In base 9, what is 1418 + 146?
1565
In base 8, what is 605107 + -2?
605105
In base 11, what is 42 - -5207?
5249
In base 14, what is 6 - 6c960?
-6c958
In base 10, what is -16898 + 10?
-16888
In base 15, what is -58ae - 2?
-58b1
In base 13, what is -3 - 9b6a?
-9b70
In base 3, what is -100000221002 - 1100?
-100000222102
In base 16, what is 0 - -2d09?
2d09
In base 3, what is -20001 + 1011122?
221121
In base 16, what is 2 + 2ae0?
2ae2
In base 16, what is 28 + -1aaa?
-1a82
In base 13, what is 4 - 9b9?
-9b5
In base 2, what is -10101100111100000 + 111011?
-10101100110100101
In base 13, what is -1a7 - 5b4?
-78b
In base 9, what is -6 + -21274?
-21281
In base 9, what is -1 + 766803?
766802
In base 3, what is 102 + 222?
1101
In base 7, what is 4 - -310023?
310030
In base 11, what is -1a1 + 3007?
2916
In base 6, what is -5514 - 2230?
-12144
In base 2, what is 1100 + 1110110100?
1111000000
In base 14, what is 3 + -1b119?
-1b116
In base 13, what is -11b7b9b + 4?
-11b7b97
In base 3, what is 101011 + -2002?
22002
In base 16, what is 12913 + 5?
12918
In base 14, what is 0 + 6caa?
6caa
In base 6, what is 2 + 12104512?
12104514
In base 5, what is 10 - 1033143?
-1033133
In base 13, what is 65 + -1a27?
-1992
In base 10, what is 131 - -127?
258
In base 13, what is -482 + -251?
-703
In base 9, what is 5 - 2107205?
-2107200
In base 2, what is -1010 + 1011111001011101?
1011111001010011
In base 8, what is 343664 - -10?
343674
In base 4, what is 310120112 - 2?
310120110
In base 14, what is 264 - 37?
22b
In base 6, what is -110131 - 3?
-110134
In base 10, what is 30443 - -4?
30447
In base 5, what is 12 + -1102140?
-1102123
In base 12, what is -18a79 + 0?
-18a79
In base 14, what is bb4d + -3?
bb4a
In base 8, what is 650 + 113?
763
In base 13, what is -5 - 25c86a?
-25c872
In base 16, what is 2620a - 0?
2620a
In base 9, what is 10 - -5801?
5811
In base 12, what is -1 - 52b6?
-52b7
In base 7, what is 5422 + -10?
5412
In base 8, what is 3 + -44466?
-44463
In base 14, what is 48 - 1db?
-193
In base 15, what is -a5d1 - 4?
-a5d5
In base 8, what is 1 + 113207?
113210
In base 5, what is -144013233 - -2?
-144013231
In base 8, what is -3 + -2255?
-2260
In base 6, what is -3003 + -152?
-3155
In base 2, what is 1 - 10000000011101100110?
-10000000011101100101
In base 10, what is -14331 + 6?
-14325
In base 3, what is 100211 + -1102011?
-1001100
In base 5, what is -134 + -10400?
-11034
In base 12, what is 0 - 1bb5b?
-1bb5b
In base 9, what is 16 + 12?
28
In base 11, what is -5303 - -116?
-5198
In base 7, what is 15 - 220621?
-220603
In base 9, what is -2531084 + 2?
-2531082
In base 8, what is 145622 - -4?
145626
In base 9, what is 7 + -1830?
-1822
In base 10, what is 36 - -20331?
20367
In base 15, what is -12 - 2e7?
-309
In base 12, what is -288b + -4?
-2893
In base 8, what is 12 + -622472?
-622460
In base 6, what is -332202 - 110?
-332312
In base 7, what is 120 - -1341?
1461
In base 14, what is 5 - -a8bb?
a8c2
In base 12, what is b1 - 276?
-185
In base 6, what is -100422 + 20?
-100402
In base 4, what is -20112 - -13233?
-213
In base 10, what is -16570 + 57?
-16513
In base 4, what is -3320 - 1222?
-11202
In base 2, what is 10100011 + 10001011?
100101110
In base 5, what is 3201 + 3140?
11341
In base 2, what is 10011111101011100 - -10?
10011111101011110
In base 16, what is -2f8f + -17d?
-310c
In base 4, what is 2113 + 13222?
22001
In base 9, what is 273 - 528?
-245
In base 8, what is 5 - -2530105?
2530112
In base 12, what is -2 - 69301?
-69303
In base 16, what is -feab - 5?
-feb0
In base 8, what is -71415 - -3?
-71412
In base 13, what is -2 - -2874c?
2874a
In base 7, what is -4650 - 2645?
-10625
In base 10, what is 150 + -66?
84
In base 11, what is -4a546 - 4?
-4a54a
In base 13, what is -73b + -9?
-747
In base 11, what is -1012 - 657?
-1669
In base 13, what is -5 + 11636?
11631
In base 14, what is 13242 - -8?
1324a
In base 10, what is 6835 - 3?
6832
In base 11, what is 89 + -420?
-342
In base 6, what is -132 - 15312?
-15444
In base 7, what is -120 + 6154?
6034
In base 14, what is -259 + -7?
-262
In base 12, what is -13 - 7b708?
-7b71b
In base 16, what is 3 - 86f78?
-86f75
In base 2, what is 10 + -1110011110?
-1110011100
In base 16, what is 30 - -10?
40
In base 2, what is 11000111011110 - 100?
11000111011010
In base 11, what is -24 + -a435?
-a459
In base 15, what is 9 - d6?
-cc
In base 4, what is -32013111 - -2?
-32013103
In base 12, what is -4228 + 7?
-4221
In base 8, what is 240662 - 14?
240646
In base 8, what is -76 + -570?
-666
In base 9, what is 248 + 16322?
16571
In base 5, what is -10220134 - 1?
-10220140
In base 15, what is -5c + 17c?
120
In base 3, what is 221012202 + -101?
221012101
In base 8, what is 1644 - -447?
2313
In base 8, what is 3 + -226172?
-226167
In base 9, what is -22 + 37?
15
In base 11, what is -19 + -17?
-35
In base 11, what is 3 + 698096?
698099
In base 5, what is -1440202 + -20?
-1440222
In base 3, what is -102122021122 + -2?
-102122021201
In base 13, what is 3c9163 + 1?
3c9164
In base 9, what is 435 - 5448?
-5013
In base 5, what is -1444 + 12311?
10312
In base 8, what is -676 + 15137?
14241
In base 16, what is -b - 1f22?
-1f2d
In base 11, what is -119 - -1408?
129a
In base 9, what is 118 - -12?
131
In base 11, what is -146 - 10a72?
-11108
In base 14, what is -4c - -1cb?
17d
In base 7, what is -430220 - 1?
-430221
In base 4, what is 200102 - 312?
133130
In base 13, what is -a1 + -3?
-a4
In base 16, what is 1474c - -3?
1474f
In base 11, what is -1004 - -189?
-926
In base 4, what is 23 + 221223?
221312
In base 13, what is -99 + 3a0b?
3942
In base 7, what is -100 + 13544?
13444
In base 12, what is 9 + -687?
-67a
In base 10, what is -1283 + -1?
-1284
In base 14, what is a724 - -b?
a731
In base 8, what is 12014 + -125?
11667
In base 16, what is -7f - -1dd5?
1d56
In base 4, what is 101 + 330300?
331001
In base 12, what is 1b38 + 35?
1b71
In base 6, what is -21 + 253022?
253001
In base 2, what is 1000010111011100 - -1000011?
1000011000011111
In base 13, what is b77 + -2?
b75
In base 4, what is -2 - -1010212?
1010210
In base 10, what is -6 - 705398?
-705404
In base 5, what is 131241304 - 4?
131241300
In base 4, what is -23132 - -2101?
-21031
In base 7, what is 3040 + 14?
3054
In base 10, what is 8 + 2361?
2369
In base 16, what is 21699 - -1?
2169a
In base 16, what is 2 - -278d?
278f
In base 15, what is 28bb + 6?
28c2
In base 2, what is 100 - -11001110111101?
11001111000001
In base 11, what is -25403 - 8?
-25410
In base 11, what is 2 - -132055?
132057
In base 9, what is -5 - -13768?
13763
In base 14, what is 37 + -79?
-42
In base 5, what is -4011 + 3313?
-143
In base 4, what is -1 + 122320321?
122320320
In base 8, what is -1155 - 135?
-1312
In base 3, what is 121021202 - 21122?
121000010
In base 10, what is -80 + 12708?
12628
In base 13, what is 1303 